x + 994. What are the prime factors of x?
911
Let j(a) = 13*a**2 - 57*a + 36. What are the prime factors of j(9)?
2, 3
Let z be 4/24*4*135. Suppose -13*w = -8*w - z. List the prime factors of w.
2, 3
Suppose -4*u + 5*z = -24, 4*u + 4*z = 2*z + 24. Let q be (-208)/12 + (-4)/u. Let b = q - -43. What are the prime factors of b?
5
Let k(b) = b**2 - b - 1. Let r be k(3). Suppose -m + 4*m - 254 = -4*x, -470 = -r*m + 5*x. List the prime factors of m.
2, 3, 5
Let m(t) = -19*t + 1. Let l(b) = -94*b + 5. Let q(z) = 2*l(z) - 11*m(z). Let r(a) = a**3 - 2*a + 1. Let j be r(0). What are the prime factors of q(j)?
2, 5
Let f(n) = -n**2 - 8*n + 3. Suppose -j = 4*j - 90. Let u = 11 - j. List the prime factors of f(u).
2, 5
Let q(h) = -32*h**3 + 11*h**2 + 18*h - 14. What are the prime factors of q(-4)?
2, 1069
Let d be 200/9 + (-2)/9. Suppose -14 = s + 4*k, -4*k + 6 - d = 0. Suppose s*o - o + 2*h = 29, 0 = -5*o - 3*h + 131. List the prime factors of o.
5
Suppose 24 - 7 = m. Let b = m - -4. Suppose r - b = -0*r. What are the prime factors of r?
3, 7
Suppose -5*w = -15, 3*z - 2*w - 414 - 1596 = 0. What are the prime factors of z?
2, 3, 7
List the prime factors of (2214 - -3)*(7 - (7 + -1)).
3, 739
Suppose g - u = -1, -2 = 4*g - 3*u + 1. Suppose -2*i = 3*i - 20. Suppose 0 = -i*q - 3*b + 7, 4*q - 5*b + 5 - 36 = g. What are the prime factors of q?
2
Let w(s) = s - 8. Let v be w(14). Let f(u) = 7*u - 14. Let i(a) = 6*a - 14. Let h(d) = -3*f(d) + 4*i(d). List the prime factors of h(v).
2
Suppose -4*k - 20 = -0. List the prime factors of 3/5 - 67/k.
2, 7
Let t(r) = 2*r**2 - 14*r + 4. Let n be t(10). Suppose -12*a + 1604 = -n. What are the prime factors of a?
139
Suppose 3*s - 6*s = 2*p - 606, 2*p - 4*s - 592 = 0. Let f = p - 101. List the prime factors of f.
199
Let v(o) be the first derivative of -o**3/3 - 19*o**2/2 - 13*o + 3. What are the prime factors of v(-14)?
3, 19
Suppose -4*f = 5*k + f + 30, -2*f = 3*k + 19. Let q(i) = 9*i + 10. Let d(z) = 28*z + 30. Let w(s) = 3*d(s) - 10*q(s). What are the prime factors of w(k)?
2
Let p be 2/(-12) + (-134)/(-12). Let t = 12 - p. Suppose 0 = -3*y + 14 + t. What are the prime factors of y?
5
Let n = 84 - 79. Suppose -2*f - 4*s = -206, -n*s + 2*s + 543 = 5*f. List the prime factors of f.
3, 37
Suppose 5*o - 296 = 529. List the prime factors of o.
3, 5, 11
Suppose -5*w = -3*r - 4, -2*r = 2*w - 6*r + 4. Let a = -1 + 1. Suppose -w*j + 5*j - 21 = a. What are the prime factors of j?
7
Let a = -834 - -415. Let w = a + 654. List the prime factors of w.
5, 47
Suppose -5*d - 20 = 0, 3*q - 2*d = 2*q + 12. Suppose -4*s + 0*s + 40 = 5*r, 0 = -r - 4*s + 8. Suppose -5*h + q*h + r = 0. What are the prime factors of h?
2
List the prime factors of 10062/18 - 1*(-2)/2.
2, 5, 7
Let m = 1687 + 7. What are the prime factors of m?
2, 7, 11
Let i(j) = 48*j**2 + 17*j + 20. What are the prime factors of i(-4)?
2, 3, 5
Suppose 0 = -7*a + 8*a. Suppose -5*i + 185 + 30 = a. What are the prime factors of i?
43
Let t = -66 + 71. Let s = 2 + -1. Suppose -s = -f, -t*l + f = -73 - 21. What are the prime factors of l?
19
Let y(o) = 4*o - 6. Let c be y(-4). Let p be (-4 - -2)/(2/(-65)). Let j = p + c. List the prime factors of j.
43
Let d(t) = -3*t - 19. Let r be d(-8). Suppose -5*c = r*s - 430, 4*c + 5*s - 102 = 3*c. List the prime factors of c.
2, 41
Let g(f) = -f**2 - 7*f + 4. Let h be g(-8). Let x(p) = p**3 + 6*p**2 + 5*p + 7. What are the prime factors of x(h)?
19
Suppose 0 = 5*b - 0*b - 30. Let h(o) be the first derivative of -o**2/2 + 12*o + 2. List the prime factors of h(b).
2, 3
Suppose -g = 4*q + 18, q = -g + 5*g + 38. Let j = g - -5. Let f(z) = -2*z + 1. List the prime factors of f(j).
11
Let n(l) = -l**2 - 9*l - 20. Let a be n(-7). Let u = 14 + a. Suppose -36 + 244 = u*t. What are the prime factors of t?
2, 13
Let s(x) = 11*x**2 - 5*x - 4. Let v be s(-3). Suppose -5*i + 780 = 3*q + 165, i - 2*q - v = 0. What are the prime factors of i?
2, 3, 5
Suppose -v = 4*k - 20, 5*k - 3*k + 2*v - 16 = 0. Suppose -216 = k*a - 8*a. List the prime factors of a.
2, 3
Let c(y) = 3*y**3 - 14*y**2 - 6*y - 17. Let z be c(7). Let p = z - 62. List the prime factors of p.
2, 3, 37
Suppose -55 = -5*j - 15. Suppose 2*q - 2*d - 8 = -0*q, q + 3*d = -4. Suppose j*o - 121 = 3*o + 4*s, 5*o - q*s - 123 = 0. What are the prime factors of o?
5
Suppose 5*t - 20 = -2*r + 10, -4*r = -2*t - 36. Let d = 3 + r. List the prime factors of d.
13
Let t(k) = k**3 + 8*k**2 + 4*k - 9. Let y be t(-7). Suppose 13*b - y*b = 260. Suppose -b = -5*i - 0*i. List the prime factors of i.
2, 13
Let z(n) = -n**3 + 10*n**2 - 7*n - 4. Let u(c) = 2*c**3 - 20*c**2 + 14*c + 9. Let d(a) = -3*u(a) - 5*z(a). List the prime factors of d(8).
5, 13
List the prime factors of (2 + (-1479)/6)/(72/(-240)).
5, 163
Suppose 0 = 3*b - 3*r - 507, 2 = r + 6. List the prime factors of b.
3, 5, 11
List the prime factors of 174/(-29) - (-439 - 1).
2, 7, 31
Let k be 11 + (-2 - -17)/(-5). Suppose 228 = -k*r + 10*r. What are the prime factors of r?
2, 3, 19
Suppose a + 2*a = 9. Suppose 0*w - 1320 = -a*w. What are the prime factors of w/45 - 4/(-18)?
2, 5
Let y be 8/(-4) - (7 - 3). What are the prime factors of (-2653)/(-42) - (-1)/y?
3, 7
Suppose -2*d - 7*d = 0. Suppose 2*z = -0*z + 2*v + 20, z - 1 = -2*v. Suppose 5*o + 75 - z = 3*l, -l - 5*o + 16 = d. List the prime factors of l.
3, 7
What are the prime factors of (7/(105/(-6)))/((-5)/14650)?
2, 293
List the prime factors of (1150/175)/(4/1414).
23, 101
Suppose -24 = 4*l - 0. List the prime factors of (447/l)/(8/(-16)).
149
Let i(d) = -75*d**3 - 3*d**2 + 4*d + 4. What are the prime factors of i(-2)?
2, 73
Let l be 4/6*-3*(-2)/4. List the prime factors of 1 - l/((-4)/(-4))*-130.
131
List the prime factors of 706 + (-5 + 3 - -1*6).
2, 5, 71
Let f = 273 - 170. What are the prime factors of (0/1 - 3) + f?
2, 5
Let r(z) = 2*z + 3 - 4*z + 3*z. Let n be r(-1). List the prime factors of (-1)/((-3 + n)/4).
2
Let u be ((-3)/(-3))/((-1)/(-4)). Suppose -4*i = u*f - 232, -2*f + 182 = 4*i - 46. Suppose i = 2*z - 84. What are the prime factors of z?
2, 5, 7
Let l(a) = -26 + 10 - 7*a**2 + 7*a - a**3 + 31 + 2*a. Let q be l(-8). Let d = 28 - q. List the prime factors of d.
3, 7
Let d = 17 - 8. Suppose 0 = 10*a - d*a - 71. What are the prime factors of a?
71
Suppose 0 = -6*w + 8*w - 1206. What are the prime factors of w?
3, 67
Let n(q) = 5*q - 4. Let i be n(1). List the prime factors of -2 + 8/(1 + i) + 233.
5, 47
Suppose -58 - 38 = 4*d + 4*u, 2*d + 40 = 2*u. Let i(v) = v**2 + 14*v - 31. What are the prime factors of i(d)?
5, 29
Let f = -108 - -53. Let c = f - -64. What are the prime factors of c?
3
Let f be ((-4)/10)/((-3)/(-15)). List the prime factors of (1 - f)/((-5)/(-30)).
2, 3
Let k be (100/6)/((-6)/45). Let t = -65 - k. What are the prime factors of 1 + 1 + t/3?
2, 11
Let a(p) = 95*p**2 - p. Let f be a(-1). Let m = f - 168. Let b = m + 104. What are the prime factors of b?
2
Let q(g) = -g**3 - g + 145. Let k be q(0). Suppose 8*h = -k + 737. List the prime factors of h.
2, 37
Suppose 2 = 3*s - 4. Suppose -4*l + 4*z + z = -136, -47 = -l - s*z. What are the prime factors of l?
3, 13
Suppose -5*w + 6*v = v - 4405, v = -5*w + 4405. What are the prime factors of w?
881
Suppose 0 = -70*z + 16*z + 55890. What are the prime factors of z?
3, 5, 23
Let d(u) = u**2 + 2*u - 5. Suppose 0 = 8*x - 4*x - 12. Suppose -x*m + 1 = -2, 0 = 5*g - 4*m + 39. What are the prime factors of d(g)?
2, 3, 5
Let c be (-2 - 3425/(-8)) + (-16)/128. Let w = -294 + c. List the prime factors of w.
2, 3, 11
Let x(l) = 2*l**2 - 23*l + 35. Let j be x(10). Suppose 0 = -j*z - 3*b + 951, -z + 3*b = 3*z - 777. List the prime factors of z.
2, 3
Suppose 0 = -z - 4*z + 670. Let v = -55 + z. What are the prime factors of v?
79
Suppose -5*l - 2*b = -4828, -l + 10*b - 6*b = -948. List the prime factors of l.
2, 241
Let s(z) be the second derivative of -z**5/20 + z**4 - 11*z**3/6 + 33*z**2/2 + 6*z. List the prime factors of s(10).
3, 41
Let m(o) = 2*o - 1. Let w be m(1). Let l be 13 - 2 - w*4. Suppose -3*c + l*c - 88 = 0. List the prime factors of c.
2, 11
Let n = 19 + -14. Suppose p + 181 = 4*p - 2*o, 3*p - 188 = -n*o. What are the prime factors of p?
61
Let r be ((-5)/(25/170))/(-1). Let i = -5 + r. What are the prime factors of i?
29
Le